{"id":80,"date":"2023-07-13T14:45:46","date_gmt":"2023-07-13T12:45:46","guid":{"rendered":"http:\/\/wp12263162.server-he.de\/Wordpress\/?page_id=80"},"modified":"2026-05-03T18:31:18","modified_gmt":"2026-05-03T16:31:18","slug":"startseite","status":"publish","type":"page","link":"http:\/\/museumsverein-korneuburg.at\/Wordpress\/","title":{"rendered":"Willkommen"},"content":{"rendered":"\n<h2 class=\"wp-block-heading has-text-color has-link-color wp-elements-9df826c35e51e3b3d76b30b656c5fb7c\" style=\"color:#006096\">Besuchen Sie uns im <a href=\"https:\/\/museumsverein-korneuburg.at\/Wordpress\/veranstaltungen\/\">Museumsfr\u00fchling 2026<\/a><\/h2>\n\n\n\n<p class=\"has-black-color has-text-color\" style=\"font-size:18px\">Details finden Sie unter Veranstaltungen<\/p>\n\n\n\n<p class=\"has-text-color has-link-color has-medium-font-size wp-elements-368707f65c200f25df13bb1714c0ea25\" style=\"color:#006096\"><a href=\"https:\/\/museumsverein-korneuburg.at\/Wordpress\/ausstellungen\/\">Unsere aktuelle Ausstellung: Die Werft 1925 bis 2025<\/a><\/p>\n\n\n\n<hr class=\"wp-block-separator has-alpha-channel-opacity is-style-wide\"\/>\n\n\n\n<h2 class=\"wp-block-heading has-text-color\" style=\"color:#006096\">Das Stadtmuseum Korneuburg<\/h2>\n\n\n\n<p class=\"has-black-color has-text-color\" style=\"font-size:18px\">ist im Kulturzentrum in Korneuburg untergebracht. Das Geb\u00e4ude wurde 1908\/09 als st\u00e4dtisches Dampf-, Wannen- und Brausebad erbaut. Das heutige Museum wurde zwar 1974 im ehemaligen &#8222;Tr\u00f6pferlbad&#8220; er\u00f6ffnet, ist aber durch seine abwechslungsreiche Vorgeschichte eines der zehn \u00e4ltesten Stadtmuseen in Nieder\u00f6sterreich.<br>Die Sammlung des Stadtmuseums umfasst vor allem Objekte aus der Neuzeit, insbesondere Alltagsgegenst\u00e4nde des 19. und 20. Jahrhunderts, anschaulich pr\u00e4sentiert im 2016 fertiggestellten Schaudepot im Untergescho\u00df. Hier werden die Museumsobjekte zeitgem\u00e4\u00df gelagert und archiviert, sind aber zugleich f\u00fcr Besucher:innen zug\u00e4nglich.<\/p>\n\n\n\n<p class=\"has-black-color has-text-color\" style=\"font-size:18px\">Einen Schwerpunkt des Museums bilden Objekte und Dokumente aus der ehemaligen Schiffswerft. Zahlreiche Schiffsmodelle dokumentieren die Bedeutung der Werft f\u00fcr die Stadt. Durch Ausstellungen, Veranstaltungen und Kulturvermittlung wird Erwachsenen und Kindern die Geschichte und Kultur der Stadt und der Region erlebbar gemacht. <\/p>\n\n\n\n\n\n<hr class=\"wp-block-separator has-alpha-channel-opacity is-style-wide\"\/>\n\n\n\n<div style=\"height:31px\" aria-hidden=\"true\" class=\"wp-block-spacer\"><\/div>\n\n\n\n<div class=\"wp-block-cover is-light\"><img loading=\"lazy\" decoding=\"async\" width=\"820\" height=\"312\" class=\"wp-block-cover__image-background wp-image-117\" alt=\"\" src=\"http:\/\/wp12263162.server-he.de\/Wordpress\/wp-content\/uploads\/2023\/07\/cropped-Stadtmuseum-Front_Fruehling-2021_820x312-px.png\" data-object-fit=\"cover\" srcset=\"http:\/\/museumsverein-korneuburg.at\/Wordpress\/wp-content\/uploads\/2023\/07\/cropped-Stadtmuseum-Front_Fruehling-2021_820x312-px.png 820w, http:\/\/museumsverein-korneuburg.at\/Wordpress\/wp-content\/uploads\/2023\/07\/cropped-Stadtmuseum-Front_Fruehling-2021_820x312-px-300x114.png 300w, http:\/\/museumsverein-korneuburg.at\/Wordpress\/wp-content\/uploads\/2023\/07\/cropped-Stadtmuseum-Front_Fruehling-2021_820x312-px-768x292.png 768w\" sizes=\"auto, (max-width: 820px) 100vw, 820px\" \/><span aria-hidden=\"true\" class=\"wp-block-cover__background has-background-dim\"><\/span><div class=\"wp-block-cover__inner-container is-layout-constrained wp-block-cover-is-layout-constrained\">\n<h2 class=\"wp-block-heading has-text-align-center has-white-color has-text-color has-large-font-size\">Unsere regul\u00e4ren \u00d6ffnungszeiten<\/h2>\n\n\n\n<p class=\"has-text-align-center has-white-color has-text-color\" style=\"font-size:28px\">Sonntags von 09.00 bis 12.00 Uhr und nach Vereinbarung.<br>Eintritt: freie Spende!<\/p>\n<\/div><\/div>\n\n\n\n<div style=\"height:20px\" aria-hidden=\"true\" class=\"wp-block-spacer\"><\/div>\n\n\n\n<div class=\"wp-block-buttons is-content-justification-center is-layout-flex wp-container-core-buttons-is-layout-16018d1d wp-block-buttons-is-layout-flex\">\n<div class=\"wp-block-button has-custom-width wp-block-button__width-50 is-style-outline is-style-outline--2\"><a class=\"wp-block-button__link has-black-color has-white-background-color has-text-color has-background has-medium-font-size has-custom-font-size wp-element-button\" href=\"mailto:museum@museumsverein-korneuburg.at\" style=\"padding-top:0;padding-bottom:0\">Post f\u00fcr uns?<\/a><\/div>\n<\/div>\n\n\n\n<div style=\"height:31px\" aria-hidden=\"true\" class=\"wp-block-spacer\"><\/div>\n\n\n\n<hr class=\"wp-block-separator has-alpha-channel-opacity\"\/>\n\n\n\n<h1 class=\"wp-block-heading has-text-color\" style=\"color:#006096\">Sonderausstellung<\/h1>\n\n\n\n<h3 class=\"wp-block-heading\">29.09.24 bis 26.04.26<\/h3>\n\n\n\n<figure class=\"wp-block-gallery has-nested-images columns-default is-cropped wp-block-gallery-3 is-layout-flex wp-block-gallery-is-layout-flex\">\n<figure class=\"wp-block-image size-large\"><img loading=\"lazy\" decoding=\"async\" width=\"1024\" height=\"740\" data-id=\"745\" src=\"https:\/\/museumsverein-korneuburg.at\/Wordpress\/wp-content\/uploads\/2024\/02\/Cover_Werft-Berufe-und-Ausbildung_2023-1024x740.png\" alt=\"\" class=\"wp-image-745\" srcset=\"http:\/\/museumsverein-korneuburg.at\/Wordpress\/wp-content\/uploads\/2024\/02\/Cover_Werft-Berufe-und-Ausbildung_2023-1024x740.png 1024w, http:\/\/museumsverein-korneuburg.at\/Wordpress\/wp-content\/uploads\/2024\/02\/Cover_Werft-Berufe-und-Ausbildung_2023-300x217.png 300w, http:\/\/museumsverein-korneuburg.at\/Wordpress\/wp-content\/uploads\/2024\/02\/Cover_Werft-Berufe-und-Ausbildung_2023-768x555.png 768w, http:\/\/museumsverein-korneuburg.at\/Wordpress\/wp-content\/uploads\/2024\/02\/Cover_Werft-Berufe-und-Ausbildung_2023-1536x1110.png 1536w, http:\/\/museumsverein-korneuburg.at\/Wordpress\/wp-content\/uploads\/2024\/02\/Cover_Werft-Berufe-und-Ausbildung_2023.png 1920w\" sizes=\"auto, (max-width: 1024px) 100vw, 1024px\" \/><\/figure>\n\n\n\n<figure class=\"wp-block-image size-large\"><img loading=\"lazy\" decoding=\"async\" width=\"720\" height=\"794\" data-id=\"898\" src=\"https:\/\/museumsverein-korneuburg.at\/Wordpress\/wp-content\/uploads\/2024\/09\/Ausstellung-Werft-2024.png\" alt=\"\" class=\"wp-image-898\" srcset=\"http:\/\/museumsverein-korneuburg.at\/Wordpress\/wp-content\/uploads\/2024\/09\/Ausstellung-Werft-2024.png 720w, http:\/\/museumsverein-korneuburg.at\/Wordpress\/wp-content\/uploads\/2024\/09\/Ausstellung-Werft-2024-272x300.png 272w\" sizes=\"auto, (max-width: 720px) 100vw, 720px\" \/><\/figure>\n<\/figure>\n\n\n\n<div class=\"wp-block-buttons is-content-justification-left is-layout-flex wp-container-core-buttons-is-layout-fdcfc74e wp-block-buttons-is-layout-flex\">\n<div class=\"wp-block-button is-style-outline is-style-outline--4\"><a class=\"wp-block-button__link has-black-color has-text-color has-link-color wp-element-button\" href=\"https:\/\/museumsverein-korneuburg.at\/Wordpress\/ausstellungen\/\" target=\"_blank\" rel=\"noreferrer noopener\">Infos zur Ausstellung<\/a><\/div>\n<\/div>\n\n\n\n<div style=\"height:30px\" aria-hidden=\"true\" class=\"wp-block-spacer\"><\/div>\n\n\n\n<hr class=\"wp-block-separator has-alpha-channel-opacity\"\/>\n\n\n\n<div class=\"wp-block-media-text alignfull has-media-on-the-right is-stacked-on-mobile is-vertically-aligned-top has-text-color has-background has-link-color wp-elements-79ceae29520d79291088288828f3fa8e\" style=\"color:#fffdc7;background-color:#121c1c;grid-template-columns:auto 62%\"><div class=\"wp-block-media-text__content\">\n<div class=\"wp-block-group has-link-color wp-elements-d8c31d51e331a8d6e515aeee738fb282\" style=\"padding-top:2em;padding-right:2em;padding-bottom:2em;padding-left:2em\"><div class=\"wp-block-group__inner-container is-layout-flow wp-block-group-is-layout-flow\">\n<h2 class=\"wp-block-heading\" style=\"font-size:48px;font-weight:700;line-height:1.15\"><a href=\"https:\/\/museumsverein-korneuburg.at\/Wordpress\/projekte\/\">Projekte im Museum<\/a><\/h2>\n\n\n\n<p class=\"has-text-color has-link-color wp-elements-b26928722dd81ca94f5b38fc1c6502bc\" style=\"color:#fffdc7\"><a href=\"https:\/\/museumsverein-korneuburg.at\/Wordpress\/projekte\/\">Kulturvermittlungs- &amp; Forschungsprojekte \u2192<\/a><\/p>\n<\/div><\/div>\n<\/div><figure class=\"wp-block-media-text__media\"><a href=\"https:\/\/museumsverein-korneuburg.at\/Wordpress\/projekte\/\"><img loading=\"lazy\" decoding=\"async\" width=\"1024\" height=\"883\" src=\"http:\/\/museumsverein-korneuburg.at\/Wordpress\/wp-content\/uploads\/2024\/09\/StopoverK_Sequenz1_0P9A1901cKarinBoehm-scaled-e1727115571619-1024x883.jpg\" alt=\"\" class=\"wp-image-895 size-full\" srcset=\"http:\/\/museumsverein-korneuburg.at\/Wordpress\/wp-content\/uploads\/2024\/09\/StopoverK_Sequenz1_0P9A1901cKarinBoehm-scaled-e1727115571619-1024x883.jpg 1024w, http:\/\/museumsverein-korneuburg.at\/Wordpress\/wp-content\/uploads\/2024\/09\/StopoverK_Sequenz1_0P9A1901cKarinBoehm-scaled-e1727115571619-300x259.jpg 300w, http:\/\/museumsverein-korneuburg.at\/Wordpress\/wp-content\/uploads\/2024\/09\/StopoverK_Sequenz1_0P9A1901cKarinBoehm-scaled-e1727115571619-768x662.jpg 768w, http:\/\/museumsverein-korneuburg.at\/Wordpress\/wp-content\/uploads\/2024\/09\/StopoverK_Sequenz1_0P9A1901cKarinBoehm-scaled-e1727115571619-1536x1324.jpg 1536w, http:\/\/museumsverein-korneuburg.at\/Wordpress\/wp-content\/uploads\/2024\/09\/StopoverK_Sequenz1_0P9A1901cKarinBoehm-scaled-e1727115571619.jpg 1979w\" sizes=\"auto, (max-width: 1024px) 100vw, 1024px\" \/><\/a><\/figure><\/div>\n\n\n\n<hr class=\"wp-block-separator has-alpha-channel-opacity\"\/>\n\n\n\n<div style=\"height:30px\" aria-hidden=\"true\" class=\"wp-block-spacer\"><\/div>\n\n\n\n<div class=\"wp-block-media-text is-stacked-on-mobile\"><figure class=\"wp-block-media-text__media\"><img loading=\"lazy\" decoding=\"async\" width=\"724\" height=\"1024\" src=\"http:\/\/museumsverein-korneuburg.at\/Wordpress\/wp-content\/uploads\/2023\/08\/Screenshot-2023-08-30-234347-724x1024.png\" alt=\"\" class=\"wp-image-646 size-full\" srcset=\"http:\/\/museumsverein-korneuburg.at\/Wordpress\/wp-content\/uploads\/2023\/08\/Screenshot-2023-08-30-234347-724x1024.png 724w, http:\/\/museumsverein-korneuburg.at\/Wordpress\/wp-content\/uploads\/2023\/08\/Screenshot-2023-08-30-234347-212x300.png 212w, http:\/\/museumsverein-korneuburg.at\/Wordpress\/wp-content\/uploads\/2023\/08\/Screenshot-2023-08-30-234347-768x1086.png 768w, http:\/\/museumsverein-korneuburg.at\/Wordpress\/wp-content\/uploads\/2023\/08\/Screenshot-2023-08-30-234347-1086x1536.png 1086w, http:\/\/museumsverein-korneuburg.at\/Wordpress\/wp-content\/uploads\/2023\/08\/Screenshot-2023-08-30-234347.png 1189w\" sizes=\"auto, (max-width: 724px) 100vw, 724px\" \/><\/figure><div class=\"wp-block-media-text__content\">\n<div class=\"wp-block-group is-nowrap is-layout-flex wp-container-core-group-is-layout-ad2f72ca wp-block-group-is-layout-flex\">\n<h6 class=\"wp-block-heading has-text-color\" id=\"ecosystem\" style=\"color:#000000;font-size:16px\">Zum Thema Schifffahrt auf der Donau ist im Verlag Vogel Media in Zusammenarbeit mit dem Museumsverein ein neues Buch erschienen:<\/h6>\n<\/div>\n\n\n\n<div style=\"height:30px\" aria-hidden=\"true\" class=\"wp-block-spacer\"><\/div>\n\n\n\n<h1 class=\"wp-block-heading alignwide\" id=\"we-re-a-studio-in-berlin-with-an-international-practice-in-architecture-urban-planning-and-interior-design-we-believe-in-sharing-knowledge-and-promoting-dialogue-to-increase-the-creative-potential-of-collaboration\" style=\"font-size:48px;line-height:1.1\">Erinnerungen eines Donauschiffers<\/h1>\n\n\n\n<div style=\"height:30px\" aria-hidden=\"true\" class=\"wp-block-spacer\"><\/div>\n\n\n\n<hr class=\"wp-block-separator has-alpha-channel-opacity\"\/>\n\n\n\n<div style=\"height:20px\" aria-hidden=\"true\" class=\"wp-block-spacer\"><\/div>\n\n\n\n<div class=\"wp-block-group is-nowrap is-layout-flex wp-container-core-group-is-layout-ad2f72ca wp-block-group-is-layout-flex\">\n<p class=\"has-small-font-size\">Eine Bestellung des Buches, das zu einem Preis von<br>\u20ac 25,&#8211; plus Versandkosten erh\u00e4ltlich ist, kann unter<br>museum@museumsverein-korneuburg.at<br>oder<br>Tel.: 0681 81351610 (So-Di 9:00-12:00)<br>erfolgen.<\/p>\n<\/div>\n<\/div><\/div>\n\n\n\n<p class=\"has-text-color\" style=\"color:#000000;font-size:17px\"><em><strong>Der Museumsverein Korneuburg, mit einem seiner Schwerpunkte auf der mechanisierten Schifffahrt und der Schiffswerft Korneuburg, hat sich entschlossen, das im Nachlass eines Donaukapit\u00e4ns von seinem Urenkel gefundene Tagebuch aus den Jahren 1861 bis 1883 in Buchform herauszubringen.<\/strong><\/em><\/p>\n\n\n\n<p class=\"has-black-color has-text-color\" style=\"font-size:18px\">Diese Aufzeichnungen geben nicht nur ein interessantes Kapitel in der Entwicklung der Donauschifffahrt und die dominierende Rolle der damals gr\u00f6\u00dften Binnenschifffahrtsreederei weltweit wieder, sondern erinnern durch ihre sehr anschaulichen Einblicke in die damals herrschenden gesellschaftlichen und politischen Lebensumst\u00e4nde auch an die nationale Vielfalt der \u00f6sterreichisch-ungarischen Monarchie im Bereich der mittleren und unteren Donau.<br>Das Buch, welches im Verlag Vogel Media in Zusammenarbeit mit dem Museumsverein Korneuburg erschienen ist, enth\u00e4lt neben zahlreichen Fotos auch eine kurze Darstellung des historischen Hintergrundes.<br>Auf diese Weise sollen die Ausf\u00fchrungen von Kapit\u00e4n Ernst Themistokles von Karwinsky erg\u00e4nzt werden und gleichzeitig zu einem besseren Verst\u00e4ndnis seiner abwechslungsreichen Schilderungen beitragen.<br>Das Buch ist beim Hafenfest 2023 und im Stadtmuseum erh\u00e4ltlich.<\/p>\n\n\n\n<div style=\"height:30px\" aria-hidden=\"true\" class=\"wp-block-spacer\"><\/div>\n\n\n\n<hr class=\"wp-block-separator has-alpha-channel-opacity is-style-wide\"\/>\n\n\n\n<div class=\"wp-block-media-text alignfull has-media-on-the-right is-stacked-on-mobile is-vertically-aligned-center is-style-default\" style=\"grid-template-columns:auto 46%\"><div class=\"wp-block-media-text__content\">\n<h2 class=\"wp-block-heading has-text-color\" style=\"color:#000000\">Eintauchen in die Stadtgeschichte \u00fcber das Stadtarchiv Korneuburg<\/h2>\n\n\n\n<p class=\"has-text-color\" style=\"color:#636363;font-size:17px;line-height:1.1\">Urkunden des Mittelalters sind \u00fcber die Plattform <a href=\"https:\/\/www.monasterium.net\/mom\/AT-StaAKbg\/aurk\/fond\">Monasterium.net<\/a> zu sehen. Um einen Blick in den Bestand des Stadtarchiv zu werfen, kann man direkt im <a href=\"https:\/\/www.stadtarchiv-korneuburg.findbuch.net\/php\/main.php\">Findbuch<\/a> suchen.<\/p>\n\n\n\n<p style=\"font-size:17px\"><a href=\"https:\/\/www.korneuburg.gv.at\/Stadtarchiv_-_Startseite\">Stadtarchiv Korneuburg<\/a><\/p>\n<\/div><figure class=\"wp-block-media-text__media\"><img loading=\"lazy\" decoding=\"async\" width=\"826\" height=\"1024\" src=\"http:\/\/museumsverein-korneuburg.at\/Wordpress\/wp-content\/uploads\/2023\/11\/Kurrentschrift-aus-dem-Stadtarchiv_Zeitreise_Ausschnitt-826x1024.jpg\" alt=\"\" class=\"wp-image-686 size-full\" srcset=\"http:\/\/museumsverein-korneuburg.at\/Wordpress\/wp-content\/uploads\/2023\/11\/Kurrentschrift-aus-dem-Stadtarchiv_Zeitreise_Ausschnitt-826x1024.jpg 826w, http:\/\/museumsverein-korneuburg.at\/Wordpress\/wp-content\/uploads\/2023\/11\/Kurrentschrift-aus-dem-Stadtarchiv_Zeitreise_Ausschnitt-242x300.jpg 242w, http:\/\/museumsverein-korneuburg.at\/Wordpress\/wp-content\/uploads\/2023\/11\/Kurrentschrift-aus-dem-Stadtarchiv_Zeitreise_Ausschnitt-768x952.jpg 768w, http:\/\/museumsverein-korneuburg.at\/Wordpress\/wp-content\/uploads\/2023\/11\/Kurrentschrift-aus-dem-Stadtarchiv_Zeitreise_Ausschnitt-1240x1536.jpg 1240w, http:\/\/museumsverein-korneuburg.at\/Wordpress\/wp-content\/uploads\/2023\/11\/Kurrentschrift-aus-dem-Stadtarchiv_Zeitreise_Ausschnitt-1653x2048.jpg 1653w\" sizes=\"auto, (max-width: 826px) 100vw, 826px\" \/><\/figure><\/div>\n\n\n\n<hr class=\"wp-block-separator has-alpha-channel-opacity\"\/>\n\n\n\n<div style=\"height:10px\" aria-hidden=\"true\" class=\"wp-block-spacer\"><\/div>\n\n\n\n<h2 class=\"wp-block-heading has-text-color\" style=\"color:#006096\">Vielen Dank an unsere Sponsoren!<\/h2>\n\n\n\n<p class=\"has-black-color has-text-color\" style=\"font-size:18px\">Unsere Sponsoren unterst\u00fctzen finanziell unsere ehrenamtliche T\u00e4tigkeit und erm\u00f6glichen Ausstellungen und Veranstaltungen, die Umsetzung von Kulturvermittlungsprogrammen, den Ankauf von Objekten u.v.m.<br>Wenn auch Sie uns unterst\u00fctzen m\u00f6chten, k\u00f6nnen Sie dies durch eine Mitgliedschaft beim Museumsverein Korneuburg oder durch Ihre Spende bei unseren Veranstaltungen.<\/p>\n\n\n\n<div class=\"wp-block-columns is-layout-flex wp-container-core-columns-is-layout-9d6595d7 wp-block-columns-is-layout-flex\">\n<div class=\"wp-block-column is-layout-flow wp-block-column-is-layout-flow\">\n<figure class=\"wp-block-image size-large\"><img loading=\"lazy\" decoding=\"async\" width=\"1024\" height=\"468\" src=\"http:\/\/wp12263162.server-he.de\/Wordpress\/wp-content\/uploads\/2023\/07\/Stadtgemeinde_Wappen_Petrol_CMYK-1-1024x468.jpg\" alt=\"\" class=\"wp-image-311\" srcset=\"http:\/\/museumsverein-korneuburg.at\/Wordpress\/wp-content\/uploads\/2023\/07\/Stadtgemeinde_Wappen_Petrol_CMYK-1-1024x468.jpg 1024w, http:\/\/museumsverein-korneuburg.at\/Wordpress\/wp-content\/uploads\/2023\/07\/Stadtgemeinde_Wappen_Petrol_CMYK-1-300x137.jpg 300w, http:\/\/museumsverein-korneuburg.at\/Wordpress\/wp-content\/uploads\/2023\/07\/Stadtgemeinde_Wappen_Petrol_CMYK-1-768x351.jpg 768w, http:\/\/museumsverein-korneuburg.at\/Wordpress\/wp-content\/uploads\/2023\/07\/Stadtgemeinde_Wappen_Petrol_CMYK-1.jpg 1075w\" sizes=\"auto, (max-width: 1024px) 100vw, 1024px\" \/><\/figure>\n<\/div>\n\n\n\n<div class=\"wp-block-column is-layout-flow wp-block-column-is-layout-flow\">\n<figure class=\"wp-block-image size-full\"><img loading=\"lazy\" decoding=\"async\" width=\"1007\" height=\"491\" src=\"http:\/\/wp12263162.server-he.de\/Wordpress\/wp-content\/uploads\/2023\/07\/Stadtmarketing_Mehrzeilig_Gelb_CMYK.jpg\" alt=\"\" class=\"wp-image-312\" srcset=\"http:\/\/museumsverein-korneuburg.at\/Wordpress\/wp-content\/uploads\/2023\/07\/Stadtmarketing_Mehrzeilig_Gelb_CMYK.jpg 1007w, http:\/\/museumsverein-korneuburg.at\/Wordpress\/wp-content\/uploads\/2023\/07\/Stadtmarketing_Mehrzeilig_Gelb_CMYK-300x146.jpg 300w, http:\/\/museumsverein-korneuburg.at\/Wordpress\/wp-content\/uploads\/2023\/07\/Stadtmarketing_Mehrzeilig_Gelb_CMYK-768x374.jpg 768w\" sizes=\"auto, (max-width: 1007px) 100vw, 1007px\" \/><\/figure>\n<\/div>\n\n\n\n<div class=\"wp-block-column is-layout-flow wp-block-column-is-layout-flow\">\n<figure class=\"wp-block-image size-large\"><img loading=\"lazy\" decoding=\"async\" width=\"1024\" height=\"348\" src=\"http:\/\/wp12263162.server-he.de\/Wordpress\/wp-content\/uploads\/2023\/07\/SPK-Stiftung-Korneuburg_office_external-material-1024x348.png\" alt=\"\" class=\"wp-image-313\" srcset=\"http:\/\/museumsverein-korneuburg.at\/Wordpress\/wp-content\/uploads\/2023\/07\/SPK-Stiftung-Korneuburg_office_external-material-1024x348.png 1024w, http:\/\/museumsverein-korneuburg.at\/Wordpress\/wp-content\/uploads\/2023\/07\/SPK-Stiftung-Korneuburg_office_external-material-300x102.png 300w, http:\/\/museumsverein-korneuburg.at\/Wordpress\/wp-content\/uploads\/2023\/07\/SPK-Stiftung-Korneuburg_office_external-material-768x261.png 768w, http:\/\/museumsverein-korneuburg.at\/Wordpress\/wp-content\/uploads\/2023\/07\/SPK-Stiftung-Korneuburg_office_external-material.png 1043w\" sizes=\"auto, (max-width: 1024px) 100vw, 1024px\" \/><\/figure>\n<\/div>\n<\/div>\n\n\n\n<div class=\"wp-block-group\"><div class=\"wp-block-group__inner-container is-layout-constrained wp-block-group-is-layout-constrained\">\n<div class=\"wp-block-columns is-layout-flex wp-container-core-columns-is-layout-9d6595d7 wp-block-columns-is-layout-flex\">\n<div class=\"wp-block-column is-layout-flow wp-block-column-is-layout-flow\">\n<figure class=\"wp-block-image size-large\"><img loading=\"lazy\" decoding=\"async\" width=\"1024\" height=\"207\" src=\"http:\/\/wp12263162.server-he.de\/Wordpress\/wp-content\/uploads\/2023\/07\/Kultur_NOE_2021-1024x207.jpg\" alt=\"\" class=\"wp-image-314\" srcset=\"http:\/\/museumsverein-korneuburg.at\/Wordpress\/wp-content\/uploads\/2023\/07\/Kultur_NOE_2021-1024x207.jpg 1024w, http:\/\/museumsverein-korneuburg.at\/Wordpress\/wp-content\/uploads\/2023\/07\/Kultur_NOE_2021-300x61.jpg 300w, http:\/\/museumsverein-korneuburg.at\/Wordpress\/wp-content\/uploads\/2023\/07\/Kultur_NOE_2021-768x155.jpg 768w, http:\/\/museumsverein-korneuburg.at\/Wordpress\/wp-content\/uploads\/2023\/07\/Kultur_NOE_2021.jpg 1063w\" sizes=\"auto, (max-width: 1024px) 100vw, 1024px\" \/><\/figure>\n<\/div>\n\n\n\n<div class=\"wp-block-column is-layout-flow wp-block-column-is-layout-flow\">\n<figure class=\"wp-block-image size-large\"><img loading=\"lazy\" decoding=\"async\" width=\"1024\" height=\"275\" src=\"http:\/\/wp12263162.server-he.de\/Wordpress\/wp-content\/uploads\/2023\/07\/BMKOES_Logo_srgb-1024x275.png\" alt=\"\" class=\"wp-image-317\" srcset=\"http:\/\/museumsverein-korneuburg.at\/Wordpress\/wp-content\/uploads\/2023\/07\/BMKOES_Logo_srgb-1024x275.png 1024w, http:\/\/museumsverein-korneuburg.at\/Wordpress\/wp-content\/uploads\/2023\/07\/BMKOES_Logo_srgb-300x81.png 300w, http:\/\/museumsverein-korneuburg.at\/Wordpress\/wp-content\/uploads\/2023\/07\/BMKOES_Logo_srgb-768x206.png 768w, http:\/\/museumsverein-korneuburg.at\/Wordpress\/wp-content\/uploads\/2023\/07\/BMKOES_Logo_srgb-1536x413.png 1536w, http:\/\/museumsverein-korneuburg.at\/Wordpress\/wp-content\/uploads\/2023\/07\/BMKOES_Logo_srgb.png 1723w\" sizes=\"auto, (max-width: 1024px) 100vw, 1024px\" \/><\/figure>\n<\/div>\n<\/div>\n<\/div><\/div>\n\n\n\n<div style=\"height:30px\" aria-hidden=\"true\" class=\"wp-block-spacer\"><\/div>\n\n\n\n<div class=\"wp-block-cover is-light\" style=\"margin-top:var(--wp--preset--spacing--20);margin-bottom:var(--wp--preset--spacing--20)\"><img loading=\"lazy\" decoding=\"async\" width=\"2560\" height=\"1611\" class=\"wp-block-cover__image-background wp-image-326\" alt=\"\" src=\"http:\/\/wp12263162.server-he.de\/Wordpress\/wp-content\/uploads\/2023\/07\/KFJ-Jubilaeumsbad-scaled.jpg\" data-object-fit=\"cover\" srcset=\"http:\/\/museumsverein-korneuburg.at\/Wordpress\/wp-content\/uploads\/2023\/07\/KFJ-Jubilaeumsbad-scaled.jpg 2560w, http:\/\/museumsverein-korneuburg.at\/Wordpress\/wp-content\/uploads\/2023\/07\/KFJ-Jubilaeumsbad-300x189.jpg 300w, http:\/\/museumsverein-korneuburg.at\/Wordpress\/wp-content\/uploads\/2023\/07\/KFJ-Jubilaeumsbad-1024x644.jpg 1024w, http:\/\/museumsverein-korneuburg.at\/Wordpress\/wp-content\/uploads\/2023\/07\/KFJ-Jubilaeumsbad-768x483.jpg 768w, http:\/\/museumsverein-korneuburg.at\/Wordpress\/wp-content\/uploads\/2023\/07\/KFJ-Jubilaeumsbad-1536x967.jpg 1536w, http:\/\/museumsverein-korneuburg.at\/Wordpress\/wp-content\/uploads\/2023\/07\/KFJ-Jubilaeumsbad-2048x1289.jpg 2048w\" sizes=\"auto, (max-width: 2560px) 100vw, 2560px\" \/><span aria-hidden=\"true\" class=\"wp-block-cover__background has-black-background-color has-background-dim\"><\/span><div class=\"wp-block-cover__inner-container is-layout-constrained wp-block-cover-is-layout-constrained\">\n<h2 class=\"wp-block-heading has-text-align-center has-white-color has-text-color\" style=\"font-size:30px\">Mitglied werden &#8211; Stadtmuseum unterst\u00fctzen!<\/h2>\n\n\n\n<p class=\"has-text-align-center has-white-color has-text-color\" style=\"font-size:22px\">Da der Museumsverein das Stadtmuseum Korneuburg ehrenamtlich, in unbezahlter Freiwilligenarbeit betreibt, freuen wir uns \u00fcber jede Hilfe! Wenn auch Sie uns unterst\u00fctzen m\u00f6chten, k\u00f6nnen Sie dies durch eine Mitgliedschaft beim Museumsverein Korneuburg, die Mithilfe bei Projekten und Veranstaltungen oder durch Ihre Spende bei unseren Veranstaltungen.<\/p>\n\n\n\n<p class=\"has-text-align-center has-white-color has-text-color\" style=\"font-size:18px\">Sie w\u00fcnschen mehr Informationen? Kontaktieren Sie uns: museum@museumsverein-korneuburg.at<\/p>\n<\/div><\/div>\n\n\n\n<p><\/p>\n","protected":false},"excerpt":{"rendered":"<p>Besuchen Sie uns im Museumsfr\u00fchling 2026 Details finden Sie unter Veranstaltungen Unsere aktuelle Ausstellung: Die Werft 1925 bis 2025 Das Stadtmuseum Korneuburg ist im Kulturzentrum in Korneuburg untergebracht. Das Geb\u00e4ude wurde 1908\/09 als st\u00e4dtisches Dampf-, Wannen- und Brausebad erbaut. Das heutige Museum wurde zwar 1974 im ehemaligen &#8222;Tr\u00f6pferlbad&#8220; er\u00f6ffnet, ist aber durch seine abwechslungsreiche Vorgeschichte eines der zehn \u00e4ltesten Stadtmuseen in Nieder\u00f6sterreich.Die Sammlung des Stadtmuseums umfasst vor allem Objekte aus der Neuzeit, insbesondere Alltagsgegenst\u00e4nde des 19. und 20. Jahrhunderts, anschaulich pr\u00e4sentiert im 2016 fertiggestellten Schaudepot im Untergescho\u00df. Hier werden die Museumsobjekte zeitgem\u00e4\u00df gelagert und archiviert, sind aber zugleich f\u00fcr Besucher:innen zug\u00e4nglich. Einen Schwerpunkt des Museums bilden Objekte und Dokumente aus der ehemaligen Schiffswerft. Zahlreiche Schiffsmodelle dokumentieren die Bedeutung der Werft f\u00fcr die Stadt. Durch Ausstellungen, Veranstaltungen und Kulturvermittlung wird Erwachsenen und Kindern die Geschichte und Kultur der Stadt und der Region erlebbar gemacht. Sonderausstellung 29.09.24 bis 26.04.26 Der Museumsverein Korneuburg,&hellip;<\/p>\n<p> <a class=\"more-link\" href=\"http:\/\/museumsverein-korneuburg.at\/Wordpress\/\">Weiterlesen<\/a><\/p>\n","protected":false},"author":1,"featured_media":9,"parent":0,"menu_order":0,"comment_status":"closed","ping_status":"closed","template":"","meta":{"pgc_sgb_lightbox_settings":"","footnotes":""},"class_list":["post-80","page","type-page","status-publish","has-post-thumbnail"],"_links":{"self":[{"href":"http:\/\/museumsverein-korneuburg.at\/Wordpress\/wp-json\/wp\/v2\/pages\/80","targetHints":{"allow":["GET"]}}],"collection":[{"href":"http:\/\/museumsverein-korneuburg.at\/Wordpress\/wp-json\/wp\/v2\/pages"}],"about":[{"href":"http:\/\/museumsverein-korneuburg.at\/Wordpress\/wp-json\/wp\/v2\/types\/page"}],"author":[{"embeddable":true,"href":"http:\/\/museumsverein-korneuburg.at\/Wordpress\/wp-json\/wp\/v2\/users\/1"}],"replies":[{"embeddable":true,"href":"http:\/\/museumsverein-korneuburg.at\/Wordpress\/wp-json\/wp\/v2\/comments?post=80"}],"version-history":[{"count":138,"href":"http:\/\/museumsverein-korneuburg.at\/Wordpress\/wp-json\/wp\/v2\/pages\/80\/revisions"}],"predecessor-version":[{"id":1190,"href":"http:\/\/museumsverein-korneuburg.at\/Wordpress\/wp-json\/wp\/v2\/pages\/80\/revisions\/1190"}],"wp:featuredmedia":[{"embeddable":true,"href":"http:\/\/museumsverein-korneuburg.at\/Wordpress\/wp-json\/wp\/v2\/media\/9"}],"wp:attachment":[{"href":"http:\/\/museumsverein-korneuburg.at\/Wordpress\/wp-json\/wp\/v2\/media?parent=80"}],"curies":[{"name":"wp","href":"https:\/\/api.w.org\/{rel}","templated":true}]}}